 the units digit of b?
8
Suppose -21 = -3*m - 0. What is the units digit of m?
7
Let h(m) = -m + 14. Suppose -6 + 14 = n. What is the units digit of h(n)?
6
Let c = -5 - -3. Let p = 2 + c. Let t = 1 + p. What is the units digit of t?
1
Suppose -1114 + 118 = -4*u. What is the hundreds digit of u?
2
Suppose 0 = v - 4, -2*m - v + 3*v = -104. Suppose -t + 4 = -3*y, 4*t = -t + 3*y + m. What is the units digit of t?
3
Let d(g) = g + 3. Let f be d(6). Suppose l = -2*l + f. Suppose 0 = 5*r + o - 2 - 6, 5*r = -l*o + 4. What is the units digit of r?
2
Suppose -s - 1 = -3. Let l be 0/(s/(-1)*1). Suppose l*z = z - 4. What is the units digit of z?
4
What is the hundreds digit of (4 - 1) + -7 + 3 + 300?
2
What is the tens digit of (11 + -96)*2/(-5)*4?
3
Let d = -129 + 242. What is the units digit of d?
3
Suppose -4*m + 28 = -2*l, l - 5*l = 5*m + 4. Let z be 8/12*(-6)/(-4). Let r = z - l. What is the units digit of r?
7
Suppose 0 = -3*k - i + 7, 2*i + 4 = -0. What is the units digit of k?
3
What is the tens digit of 172/2*(-1)/(-2)?
4
Let j = 13 + -21. Let c = 20 + j. What is the tens digit of c?
1
Let c = 17 - 13. What is the units digit of c?
4
Let u(b) be the first derivative of b**3/3 + b**2/2 + 17*b - 1. What is the tens digit of u(0)?
1
Let m be (-30)/2*(-4)/12. Suppose -6*j - q = -2*j - 63, m*j - 2*q = 69. Suppose 0 = -4*h - h + j. What is the units digit of h?
3
Let b(d) = -d**3 + 7*d**2 - 4*d - 8. Let g be -2*9/(-12)*4. Let z be b(g). Suppose 3*a - 4 = -0*a - 5*c, -z*a = -5*c - 17. What is the units digit of a?
3
Suppose 10*l + 456 = 1726. What is the tens digit of l?
2
Let c be 2/(-7) + 4570/70. Let x = c - 43. What is the tens digit of x?
2
Let b(s) = -2*s - 13. What is the units digit of b(-10)?
7
Suppose 164 = -h + 5*h + 2*t, 5*t + 30 = h. Suppose 4*g - h = -4. What is the units digit of g?
9
Suppose 5 = -5*z + 4*p - 4, -p - 1 = 2*z. Let u be 2 + z + -1 + 0. Suppose 8 = 2*a - u. What is the units digit of a?
4
Let q = 3 - 0. Let i(s) = -q*s - s + 5*s + 14. What is the units digit of i(-9)?
5
Let u(q) = q**2 + 5*q - 1. Let v = -8 + 0. What is the units digit of u(v)?
3
Let k(l) = 111*l**2 + 1. Let d be k(1). Suppose -87 = -3*b - u - 31, 5*b = 3*u + d. What is the units digit of b?
0
Let h = 95 + -62. What is the units digit of h?
3
Let b = -10 + 17. Let l be (-3 + 5)*17/2. Suppose -4*y + b = -l. What is the units digit of y?
6
Let d(h) = h**3 + 15*h**2 + 13*h - 13. What is the units digit of d(-14)?
1
Let z = -5 - -5. Suppose z = -5*w + 60 - 5. What is the units digit of w?
1
Suppose -3*g = -4*o - o + 3, -5*o + 19 = g. Suppose -g*p = -5*p + 41. What is the units digit of p?
1
Suppose -112 = -5*c - 7. Suppose -c = -4*b + 3*b. What is the units digit of b?
1
Let a(u) = 2*u + 1. Let z(x) = 3*x. Let n(l) = 4*a(l) - 3*z(l). Let p(b) = -2*b + 3. Let k be p(3). What is the units digit of n(k)?
7
Let y be ((-2)/(-1))/((-6)/9). Let h be 2/(-3) - 8/y. Suppose 0*x + h*x = 2. What is the units digit of x?
1
Let g = 551 - 250. What is the hundreds digit of g?
3
Suppose 0*n + n - 18 = 0. What is the tens digit of n?
1
Suppose -3*y - 6 = -5*y. Suppose -y*x = -x - 32. What is the tens digit of x?
1
Let h(j) = 3*j**2 - j + 4. What is the units digit of h(-3)?
4
Let g = 6 + -2. Let l = g + 4. What is the units digit of l?
8
Let v(f) = 3*f - 17. Let r be v(7). Suppose -2*g - 24 = -4*o, 5*g + r + 6 = 0. What is the units digit of o?
5
Let y(u) = -u**3 - 6*u**2 - 6*u - 5. Let p be y(-5). Suppose p = -5*b + t + 31, t + t = 4*b - 20. What is the units digit of b?
7
Let d = 75 - 39. What is the units digit of d*3/18*4?
4
Let k(f) = -3*f + 1. Let w be k(-1). Suppose -3*s - w*q = -0*s - 53, 3*s = -q + 65. What is the units digit of s?
3
Let x = 72 - -7. Let u = x - 55. What is the tens digit of u?
2
What is the units digit of (-70)/(-3) - 1/3?
3
Let r(o) = 4*o**2 - 4*o + 15. Let w(l) = -l**2 - 1. Let k(y) = -r(y) - 5*w(y). What is the units digit of k(-7)?
1
Let y(h) = h**3 - 5*h**2 + 4. Let r be y(5). Suppose 0*b + 4*b = 5*z - 137, r*z = -3*b + 91. What is the units digit of z?
5
Let l be (8/(-3))/(2/(-3)). Suppose l*d - 50 = 14. What is the tens digit of d?
1
Let u = -28 - -84. What is the units digit of u?
6
Suppose a = 0, 11 = 5*u - 4*a - 4. Suppose -3*p + 154 = -2*h - 3*h, 2*h - 119 = -u*p. What is the units digit of p?
3
What is the tens digit of (-23)/(-4)*(4 + 0)?
2
Suppose -468 - 5157 = -15*z. What is the units digit of z?
5
What is the tens digit of ((-24)/(-60))/((-2)/(-200))?
4
What is the units digit of 52/20 - (-2)/5?
3
Let f = 1 + 8. Suppose -4*n + 21 = -x, -2*n + x = -2*x - 3. What is the units digit of f/2*8/n?
6
Let h(a) = -41*a + 8. What is the tens digit of h(-2)?
9
Let r = 4 + -2. Suppose 0 = -2*z - r*z + 84. Suppose 7*j - 4*j - z = 0. What is the units digit of j?
7
Suppose 165 = 3*z + 5*r, 0 = -6*z + 3*z - r + 177. What is the units digit of z?
0
Let x(p) = -3*p**2 - p. Let l be x(-2). Let s = -5 - l. What is the units digit of -1 - 4/((-4)/s)?
4
Let u = -12 + 9. Let w = -6 + 13. Let a = w - u. What is the tens digit of a?
1
Let w(i) = -11*i**2 + 3*i - 7. Let r(n) = 0*n + 7*n**2 - 2*n**2 + 3 - n. Let p(u) = 5*r(u) + 2*w(u). What is the units digit of p(-1)?
3
Let y(k) = -k**3 - 3*k**2 - 2*k - 4. Let v be y(-3). Suppose -2*b - 3 = -11, 4*b = -v*w + 8. What is the units digit of (-2)/(-4) + (-26)/w?
7
Let r(b) = b**3 + 8*b**2 + 4*b - 6. What is the tens digit of r(-7)?
1
Let c(u) = -u**3 - 3*u**2 - 5. Let l be c(-4). Let w = 8 - 5. Suppose w*n = 2*q, 4*n - l = -q - 0*n. What is the units digit of q?
3
Suppose 7*b - 2*b - 1040 = 0. What is the units digit of b?
8
Suppose 5*z - t = -5, -2*t - 2*t + 20 = -3*z. Suppose z = -p + 2*p - 1. What is the units digit of p?
1
What is the units digit of 2/4 + 762/4?
1
Suppose -931 = -13*x - 6*x. What is the tens digit of x?
4
Suppose -3*o = u - 4, 4*u - u - 2*o = 12. Let y = 15 - u. Suppose -1 - y = -3*v. What is the units digit of v?
4
What is the units digit of (-51)/(-6) - (-2)/4?
9
Let j(a) = 41*a**3 - 2*a**2 + 5*a - 1. What is the tens digit of j(2)?
2
Let m be 2/(-4)*(-6 + 0). Suppose -2*k + m*c + 12 = 2*c, -5*k - 5*c = 0. Suppose k*d + 4*a - 24 = 0, -5*a + 24 = 4*d - 0*a. What is the units digit of d?
6
Suppose 5*b - b = 172. What is the tens digit of b?
4
Let r(a) = a**2 - 3. Let v be r(3). Let z = v - 4. What is the units digit of z?
2
Let f = -1 - -2. Suppose -v = -6 - f. Let l(w) = w**2 - 6*w - 1. What is the units digit of l(v)?
6
Let c(g) = 2 - 4 - 9 + 4*g. What is the tens digit of c(6)?
1
Let s = -12 + 10. What is the tens digit of 23 - (-5)/((-5)/s)?
2
Let d be 35/2*36/15. Suppose 3*m - 5 + d = 4*j, 2 = 2*m. Let k = j + -3. What is the units digit of k?
7
Let g(s) = -3*s**3 - 1 + 4*s**3 + s - 4*s + 2 - s**2. Let p be 114/42 + 2/7. What is the units digit of g(p)?
0
Suppose m - 48 - 17 = 0. What is the units digit of m?
5
Let j be 1/(-5) + 95/(-25). What is the tens digit of 1 + 0 - (-16 - j)?
1
Let x(a) = -1 + 7*a + 0 - 5 - a**2. Let b be x(9). What is the units digit of (14/8)/((-3)/b)?
4
Suppose -3*j + 234 = -48. Suppose -j + 2 = -4*l. What is the units digit of l?
3
Let w(l) = 2*l**3 - 8*l - 1. What is the tens digit of w(4)?
9
Let z = -18 - -36. Suppose i = 4*h - 35, 3*h - i - 7 = z. What is the units digit of h?
0
Suppose 2 = -2*h - 3*h + 4*s, -h + s = 0. Let o(n) = n**2 - 1. Let a be o(h). Suppose -q - 3 = -4*i, -a*q - 2 = -4*i - 1. What is the units digit of i?
1
Suppose 0 = -23*z + 4176 + 3207. What is the units digit of z?
1
Suppose 0 = o + o + 2. What is the units digit of (0 - -36)*o/(-1)?
6
Suppose 3*n = -0*q - 2*q + 20, 12 = 3*n. What is the units digit of (0 - -11) + q/4?
2
Suppose -3*i + 6 = -g, -g - 2*i + 0*i - 1 = 0. Let t(h) = h**2 + h - 2. Let v be t(-3). What is the units digit of (8/g)/(v/(-6))?
4
Suppose 79 = 4*g + 3*z, -14 + 2 = -2*g + 4*z. What is the units digit of 1*(g + (-9)/(-3))?
9
Let z = -2 - 5. Let h = -4 - z. What is the tens digit of h/6 + (-21)/(-2)?
1
Let y be 2*-4*(-3)/6. Suppose q - 24 = -3*z - z, 2*q - 48 = y*z. Let m = -14 + q. What is the tens digit of m?
1
Let u = 11 - 7. Let n = -10 + 14. What is the units digit of ((-6)/n)/((-1)/u)?
6
Let j = 7 + -7. Suppose -3*z + 30 = -j. What is the tens digit of z?
1
Let o(l) = -15*l**2 - 3*l - 13. Let c(p) be th